osite number?
False
Let h = 49 - -30. Is h a prime number?
True
Let t(f) = -f**2 + 10*f + 7. Let w be t(7). Suppose -5 = -5*s, -2*y + 5*s = -y - w. Is (0 + -1)*-2 + y prime?
False
Suppose 5*n + a + 5 = -40, -55 = 4*n - 3*a. Suppose -r - 30 = -4*r. Is 2/n + 372/r a prime number?
True
Suppose 3*y + 2*r + 32 = 0, -36 = y + 4*y - r. Let p = y - -41. Is p a prime number?
False
Let n = 4 + 1. Suppose n*w = -0*w - 15. Let k(r) = -r**3 + 2*r**2 + r - 3. Is k(w) a composite number?
True
Suppose -6*c + 2486 = 5*c. Is c a composite number?
True
Let y(d) = d**2 + 4. Let a be y(0). Let o(l) = 6*l**2 - l + 3. Is o(a) a composite number?
True
Suppose -4*o + 82 = -46. Suppose -11 - o = -m. Is m a prime number?
True
Is 3 + (1550 + 4)/3 composite?
False
Suppose -2*c - 5*g + 210 = 0, -c - g + 479 = 4*c. Is c composite?
True
Suppose 132 + 159 = 5*m + g, -5*m + g = -289. Suppose -3*f - z = -170 + m, 5*f - 4*z = 215. Is f a composite number?
True
Suppose 2*n + 3 = -m, 0*m + m = 5. Let v be ((-2)/n)/((-1)/52). Let l = v + 45. Is l a prime number?
True
Suppose 16*k = 14*k + 136. Is (-51)/k + 639/4 prime?
False
Suppose -h = t - 16 - 0, -15 = -3*t. Let z = h - -42. Is z a composite number?
False
Let j = 1 + -13. Let g be j/(-8)*(-16)/(-3). Is 254/g*(-3 - -7) a composite number?
False
Let q = 55 + 63. Suppose 4*f - q = 22. Suppose -20 = -5*s + f. Is s prime?
True
Let m be 2/(-1) + (0 - -2). Suppose 3*n = 5*c - 247, -2*c = -m*c - 4*n - 110. Is c a composite number?
False
Suppose -31 = -4*p + 5*y, 2*y + 0 = -4*p + 10. Suppose -m = -5*m + 4*t - 8, -p*t = -5*m - 8. Is m + -2 + 1 - -20 a composite number?
False
Is (-567)/(-5) - 6/15 composite?
False
Let a(j) = 808*j - 5. Is a(1) a prime number?
False
Is 393/9 - (-4)/(-6) composite?
False
Suppose -1444 = -4*w + p + 1099, -5*p = 5*w - 3160. Is w composite?
True
Let d(s) = 25*s - 2. Let t be d(4). Suppose c + 47 = -0*c + a, 2*c - 4*a + 90 = 0. Let k = t + c. Is k prime?
False
Suppose 0 = -5*y + 256 + 799. Is y composite?
False
Let b(p) = -4*p**3 + 4*p**2 + 3*p - 4. Is b(-3) a composite number?
False
Suppose 5*w = 212 + 573. Is w a composite number?
False
Suppose 0 = -2*m + 268 + 174. Is m a composite number?
True
Let y = -15 - -20. Let r(u) = 81*u - 4. Is r(y) prime?
True
Is 376/12 - 1/3 prime?
True
Let p(u) = 10*u**2 + 3*u - 2. Is p(-5) prime?
True
Let b = -7 - -14. Let r be (-306)/b + (-2)/7. Let t = -7 - r. Is t a prime number?
True
Let y(r) = -r**3 + 9*r**2 - 2*r - 11. Let f = -4 + 6. Let v(h) = h**3 + h**2 - 3*h + 2. Let b be v(f). Is y(b) composite?
False
Let y(n) = -n**3 - n**2 + 2*n + 3. Let p be y(3). Let u be 2 + p/(9/(-3)). Suppose u = k - 4*x, 3*x - 4*x = -5. Is k composite?
False
Let q(u) = u - 1. Let a(w) = 13*w - 17. Let m(l) = a(l) - 4*q(l). Suppose -8*b + 10 = -7*b. Is m(b) a prime number?
False
Let c be ((-144)/(-21))/(3/42). Let i = -50 + c. Is i composite?
True
Let g(s) = s + 9. Let l(h) = -5 + 0*h + h - 1. Let y be l(6). Is g(y) composite?
True
Is 2/(1 - 249/251) prime?
True
Let f = 824 + -234. Suppose -4*b - 3*z = -9*b + f, 3*b = -5*z + 320. Is b a prime number?
False
Suppose 5*u + 4*y = 2*u - 4, u + 2 = -2*y. Suppose u*w + w = 113. Is w prime?
True
Is (211/3)/((-1)/(-3)) a composite number?
False
Suppose -2*c - 10 = -7*c. Let w be (5 - c) + (-2 - -1). Suppose -19 + 125 = w*a - 4*j, -j - 164 = -3*a. Is a prime?
False
Let t(u) = 4*u - 6. Let w be t(4). Is ((-844)/w)/(2/(-5)) a composite number?
False
Suppose 0 = 2*f - 5*f. Let a = 2 + f. Is -2 + 159/6*a composite?
True
Suppose 5*t = -0*w - w - 1514, -4*t = 3*w + 1209. Let b = t - -494. Is b a prime number?
True
Let n = -1914 + 2803. Is n composite?
True
Let u = 114 - 20. Let t = u + -35. Is t a prime number?
True
Let a(t) = 6*t**2 - 2*t + 3. Is a(1) composite?
False
Suppose -q = 4*q - 20605. Suppose q - 527 = 6*j. Is j composite?
False
Let d(c) = 68*c - 39. Is d(14) composite?
True
Let j(s) be the third derivative of s**5/30 - s**4/12 + 5*s**3/6 + 22*s**2. Suppose 0 = -3*h - 0*h + 21. Is j(h) prime?
True
Let p be 9/2 + (-5)/10. Let s = -4 + p. Let a(i) = -i**2 - i + 74. Is a(s) composite?
True
Let i(k) = k**3 + 12*k**2 - 15*k + 12. Is i(-11) a prime number?
False
Let z be 90/(-25)*220/(-6). Is 0 - (z + 2)*-1 composite?
True
Let y(j) = 381*j**2 - j - 1. Is y(-1) composite?
True
Suppose 0 = -0*z - 5*z - 5*o + 3395, 2*z + 4*o = 1358. Is z a composite number?
True
Let p = 0 + 2. Let r be 34 + (6 - p) + -2. Let u = r + -21. Is u a prime number?
False
Let q(o) be the second derivative of -o**4/12 - 2*o**3/3 + o**2 - o. Let w be q(-4). Suppose -y + 6 = w*y. Is y a prime number?
True
Let y be (1 - 2) + 12/6. Let u(v) = 84*v**2 + 2*v - 1. Is u(y) prime?
False
Suppose 0*m = -4*m + 6956. Is m composite?
True
Suppose 4*b = w - 431, w - 5*b - 212 = 217. Is w composite?
False
Suppose 4*x + 0*x - 18 = 2*d, 4*d = -2*x - 6. Suppose 83 = x*j - 2455. Is j/10 - (-4)/10 prime?
False
Let p = 4444 + -2603. Is p prime?
False
Let a(d) be the first derivative of d**4/4 + 14*d**3/3 + 11*d**2/2 - 7*d - 1. Is a(-13) prime?
True
Let w = 1194 + -392. Is w a composite number?
True
Let o(y) = y**3 + 7*y**2 - 7*y - 8. Let l be o(-7). Suppose 3*c - 3*m - 174 = 0, 2*c - 161 = -2*m - l. Is c prime?
True
Let j = 3290 - 1729. Is j composite?
True
Let p(i) = -i**3 - 4*i**2 - i - 5. Let l be p(-5). Suppose l - 501 = -4*s. Is s a prime number?
False
Let f(x) = x**2 + 5*x - 4. Let y(l) = 5*l**2 - l + 1. Let c(p) = -4*p**2 + p - 2. Let o(v) = -4*c(v) - 3*y(v). Let g be o(0). Is f(g) a composite number?
True
Let t(o) = o**2 - 4*o + 158. Is t(0) composite?
True
Suppose 2*f + 1719 = -5*v, -4*v + 2*f - 646 - 740 = 0. Let s = v - -177. Let z = 245 + s. Is z a composite number?
True
Let r(s) = 4*s**3 - 2*s**2 - 3*s + 11. Is r(6) prime?
False
Suppose 2*f = 4*r + f - 2106, -3*r - 5*f = -1591. Is r composite?
True
Suppose 3*y = 5*x + 16, -18 = 4*y + 3*x - 49. Suppose 3*g - y*g = -316. Is g prime?
True
Suppose -5*k + 4*k + 608 = 0. Suppose 3*c + k = 2*w, 3*w - 2*c - c = 915. Is w a composite number?
False
Suppose -h = 4*d - 47, 3*h + 13 - 55 = -3*d. Let t = d - 0. Is t composite?
False
Suppose 2*x - 10812 = -0*b - 4*b, 2*x = -8. Is b composite?
True
Suppose 0 = -3*f + 4*f. Suppose 5*l = -f*l. Suppose -v + l = -47. Is v prime?
True
Let s be (4/6)/(2/6). Suppose -s*p + 12 = 4*h, 5*p + 12 = -5*h + 32. Suppose 3*t = -2*r + 55, -p*r + 3*r - 80 = -4*t. Is t a prime number?
False
Suppose -3*l + 72 = -7*l. Let k be (l/(-8))/((-4)/(-320)). Suppose -3*w - 5*i + k = 0, -3*w - w = -i - 263. Is w a composite number?
True
Is (-3)/5 - 80992/(-20) composite?
False
Let j(f) = 93*f + 33. Let b(r) = 47*r + 17. Let c(q) = -5*b(q) + 2*j(q). Is c(-8) prime?
True
Let f(n) = -n**3 + 17*n**2 - 8*n + 5. Is f(9) prime?
False
Suppose -636 = -q + 5*k, -4*q + 4*k = -0*q - 2464. Is q composite?
True
Let q(o) = -3*o**2 - 7*o + 7. Let n(m) = -7*m**2 - 13*m + 13. Let x be (0 - -2)/(2/11). Let p(v) = x*q(v) - 6*n(v). Is p(-3) a prime number?
False
Suppose q - 2*q - 2 = 0. Is (-1 - q)/((-3)/(-66)) composite?
True
Suppose -d = -3*d + 28. Let s be 1/(-2) - d/4. Let m(u) = -u**3 - 3*u**2 - u + 3. Is m(s) prime?
True
Suppose 6*u - 3*u + 9 = 0. Let j = 58 + u. Is j a composite number?
True
Let w(t) = -t**2 + 10*t + 16. Let n be w(11). Let r(u) = n*u - 4*u + 0*u + 6*u. Is r(5) prime?
False
Let f = -52 + 441. Is f composite?
False
Let t(s) = 22*s**2 + 3*s. Is t(-2) prime?
False
Let a = 123 + 23. Is a a composite number?
True
Suppose -d - 4*d = -55. Let p = 27 - d. Suppose 0 = -4*w + p - 4. Is w prime?
True
Let v(m) = -m**3 + 10*m**2 - 9*m + 9. Let i be v(7). Suppose -16 + i = d. Is d a composite number?
True
Is 16/12*(-852)/(-16) a composite number?
False
Let g(w) = 3*w**3 - 10*w**2 - 4*w + 13. Is g(10) a composite number?
False
Let a = 1 - 1. Suppose 3*v - 4 - 11 = a. Suppose 18 + 32 = v*p. Is p prime?
False
Let u be 1/(-3)*36/(-4). Suppose -u*v - 12 = 6. Is (-116)/(-6) + 2/v composite?
False
Let i = -288 - -1451. Is i a prime number?
True
Suppose -1677 = -5*u + 2*o, 4*u + 3*o - 6*o - 1336 = 0. Let r = u + -120. Is r composite?
True
Suppose 2*q = -2*q - v + 78, 11 = q - 4*v. Suppose 0 = 4*i + 5*c - 21, -2*i = 5*c - q + 6. Suppose i*j = 2*b + 263 - 53, -5*b = j - 58. Is j composite?
False
Let s(z) = z**2 - 3*z + 5. Let d = 24 + -11. Suppose 4 = -g